[INFO] fetching crate http-to-s3 0.1.1...
[INFO] checking http-to-s3-0.1.1 against master#e6e4f7ed1589e03bc2f6c5931c1a72e7947e8682 for beta-170-4
[INFO] extracting crate http-to-s3 0.1.1 into /workspace/builds/worker-7-tc2/source
[INFO] validating manifest of crates.io crate http-to-s3 0.1.1 on toolchain e6e4f7ed1589e03bc2f6c5931c1a72e7947e8682
[INFO] running `Command { std: CARGO_HOME="/workspace/cargo-home" RUSTUP_HOME="/workspace/rustup-home" "/workspace/cargo-home/bin/cargo" "+e6e4f7ed1589e03bc2f6c5931c1a72e7947e8682" "metadata" "--manifest-path" "Cargo.toml" "--no-deps", kill_on_drop: false }`
[INFO] started tweaking crates.io crate http-to-s3 0.1.1
[INFO] finished tweaking crates.io crate http-to-s3 0.1.1
[INFO] tweaked toml for crates.io crate http-to-s3 0.1.1 written to /workspace/builds/worker-7-tc2/source/Cargo.toml
[INFO] running `Command { std: CARGO_HOME="/workspace/cargo-home" RUSTUP_HOME="/workspace/rustup-home" __CARGO_TEST_CHANNEL_OVERRIDE_DO_NOT_USE_THIS="nightly" "/workspace/cargo-home/bin/cargo" "+e6e4f7ed1589e03bc2f6c5931c1a72e7947e8682" "generate-lockfile" "--manifest-path" "Cargo.toml" "-Zno-index-update", kill_on_drop: false }`
[INFO] running `Command { std: CARGO_HOME="/workspace/cargo-home" RUSTUP_HOME="/workspace/rustup-home" "/workspace/cargo-home/bin/cargo" "+e6e4f7ed1589e03bc2f6c5931c1a72e7947e8682" "fetch" "--manifest-path" "Cargo.toml", kill_on_drop: false }`
[INFO] running `Command { std: "docker" "create" "-v" "/var/lib/crater-agent-workspace/builds/worker-7-tc2/target:/opt/rustwide/target:rw,Z" "-v" "/var/lib/crater-agent-workspace/builds/worker-7-tc2/source:/opt/rustwide/workdir:ro,Z" "-v" "/var/lib/crater-agent-workspace/cargo-home:/opt/rustwide/cargo-home:ro,Z" "-v" "/var/lib/crater-agent-workspace/rustup-home:/opt/rustwide/rustup-home:ro,Z" "-e" "SOURCE_DIR=/opt/rustwide/workdir" "-e" "CARGO_TARGET_DIR=/opt/rustwide/target" "-e" "CARGO_HOME=/opt/rustwide/cargo-home" "-e" "RUSTUP_HOME=/opt/rustwide/rustup-home" "-w" "/opt/rustwide/workdir" "-m" "1610612736" "--user" "0:0" "--network" "none" "ghcr.io/rust-lang/crates-build-env/linux@sha256:19e73879b68f455e41552ea35293514db52ea292d993f571636dbffedb77a1ee" "/opt/rustwide/cargo-home/bin/cargo" "+e6e4f7ed1589e03bc2f6c5931c1a72e7947e8682" "metadata" "--no-deps" "--format-version=1", kill_on_drop: false }`
[INFO] [stdout] f333f52bcdd1eb92080d931be58b998a3b44abfd449140c53ae9c1d2cf00562e
[INFO] running `Command { std: "docker" "start" "-a" "f333f52bcdd1eb92080d931be58b998a3b44abfd449140c53ae9c1d2cf00562e", kill_on_drop: false }`
[INFO] running `Command { std: "docker" "inspect" "f333f52bcdd1eb92080d931be58b998a3b44abfd449140c53ae9c1d2cf00562e", kill_on_drop: false }`
[INFO] running `Command { std: "docker" "rm" "-f" "f333f52bcdd1eb92080d931be58b998a3b44abfd449140c53ae9c1d2cf00562e", kill_on_drop: false }`
[INFO] [stdout] f333f52bcdd1eb92080d931be58b998a3b44abfd449140c53ae9c1d2cf00562e
[INFO] running `Command { std: "docker" "create" "-v" "/var/lib/crater-agent-workspace/builds/worker-7-tc2/target:/opt/rustwide/target:rw,Z" "-v" "/var/lib/crater-agent-workspace/builds/worker-7-tc2/source:/opt/rustwide/workdir:ro,Z" "-v" "/var/lib/crater-agent-workspace/cargo-home:/opt/rustwide/cargo-home:ro,Z" "-v" "/var/lib/crater-agent-workspace/rustup-home:/opt/rustwide/rustup-home:ro,Z" "-e" "SOURCE_DIR=/opt/rustwide/workdir" "-e" "CARGO_TARGET_DIR=/opt/rustwide/target" "-e" "CARGO_INCREMENTAL=0" "-e" "RUST_BACKTRACE=full" "-e" "RUSTFLAGS=--cap-lints=forbid" "-e" "RUSTDOCFLAGS=--cap-lints=forbid" "-e" "CARGO_HOME=/opt/rustwide/cargo-home" "-e" "RUSTUP_HOME=/opt/rustwide/rustup-home" "-w" "/opt/rustwide/workdir" "-m" "1610612736" "--user" "0:0" "--network" "none" "ghcr.io/rust-lang/crates-build-env/linux@sha256:19e73879b68f455e41552ea35293514db52ea292d993f571636dbffedb77a1ee" "/opt/rustwide/cargo-home/bin/cargo" "+e6e4f7ed1589e03bc2f6c5931c1a72e7947e8682" "check" "--frozen" "--all" "--all-targets" "--message-format=json", kill_on_drop: false }`
[INFO] [stdout] 2d2fca5aef12365c3eddeaeb9153e54ac37e0f33fc67a93b07b9d6c18edbfbd5
[INFO] running `Command { std: "docker" "start" "-a" "2d2fca5aef12365c3eddeaeb9153e54ac37e0f33fc67a93b07b9d6c18edbfbd5", kill_on_drop: false }`
[INFO] [stderr]    Compiling log v0.4.18
[INFO] [stderr]    Compiling tokio v1.28.2
[INFO] [stderr]     Checking parking_lot_core v0.9.7
[INFO] [stderr]     Checking num_cpus v1.15.0
[INFO] [stderr]     Checking mio v0.8.8
[INFO] [stderr]    Compiling futures-channel v0.3.28
[INFO] [stderr]    Compiling futures-util v0.3.28
[INFO] [stderr]    Compiling futures-macro v0.3.28
[INFO] [stderr]     Checking futures-io v0.3.28
[INFO] [stderr]     Checking parking_lot v0.12.1
[INFO] [stderr]    Compiling num-integer v0.1.45
[INFO] [stderr]     Checking time v0.3.21
[INFO] [stderr]     Checking vsimd v0.8.0
[INFO] [stderr]     Checking outref v0.5.1
[INFO] [stderr]    Compiling semver v1.0.17
[INFO] [stderr]     Checking tracing v0.1.37
[INFO] [stderr]     Checking want v0.3.0
[INFO] [stderr]     Checking either v1.8.1
[INFO] [stderr]     Checking base64 v0.21.2
[INFO] [stderr]     Checking base64-simd v0.8.0
[INFO] [stderr]     Checking bytes-utils v0.1.3
[INFO] [stderr]    Compiling rustc_version v0.4.0
[INFO] [stderr]     Checking digest v0.10.7
[INFO] [stderr]     Checking rustls v0.20.8
[INFO] [stderr]     Checking rustls-pemfile v1.0.2
[INFO] [stderr]    Compiling pkg-config v0.3.27
[INFO] [stderr]     Checking rustls-native-certs v0.6.2
[INFO] [stderr]     Checking zeroize v1.6.0
[INFO] [stderr]     Checking sha2 v0.10.6
[INFO] [stderr]     Checking hmac v0.12.1
[INFO] [stderr]    Compiling aws-types v0.55.3
[INFO] [stderr]    Compiling openssl v0.10.53
[INFO] [stderr]     Checking aws-smithy-types v0.55.3
[INFO] [stderr]    Compiling openssl-macros v0.1.1
[INFO] [stderr]    Compiling openssl-sys v0.9.88
[INFO] [stderr]    Compiling io-lifetimes v1.0.11
[INFO] [stderr]    Compiling crc32c v0.6.3
[INFO] [stderr]     Checking aws-smithy-eventstream v0.55.3
[INFO] [stderr]     Checking aws-smithy-json v0.55.3
[INFO] [stderr]    Compiling rustix v0.37.19
[INFO] [stderr]     Checking xmlparser v0.13.5
[INFO] [stderr]     Checking urlencoding v2.1.2
[INFO] [stderr]    Compiling native-tls v0.2.11
[INFO] [stderr]     Checking aws-smithy-query v0.55.3
[INFO] [stderr]     Checking sha1 v0.10.5
[INFO] [stderr]     Checking aws-smithy-xml v0.55.3
[INFO] [stderr]     Checking md-5 v0.10.5
[INFO] [stderr]     Checking serde_urlencoded v0.7.1
[INFO] [stderr]     Checking aws-smithy-types v0.45.0
[INFO] [stderr]     Checking ipnet v2.7.2
[INFO] [stderr]     Checking is-terminal v0.4.7
[INFO] [stderr]     Checking env_logger v0.10.0
[INFO] [stderr]     Checking tokio-util v0.7.8
[INFO] [stderr]     Checking tokio-stream v0.1.14
[INFO] [stderr]     Checking tokio-rustls v0.23.4
[INFO] [stderr]     Checking tower v0.4.13
[INFO] [stderr]     Checking futures-executor v0.3.28
[INFO] [stderr]     Checking futures v0.3.28
[INFO] [stderr]     Checking h2 v0.3.19
[INFO] [stderr]     Checking aws-smithy-async v0.55.3
[INFO] [stderr]     Checking aws-credential-types v0.55.3
[INFO] [stderr]     Checking tokio-native-tls v0.3.1
[INFO] [stderr]     Checking hyper v0.14.26
[INFO] [stderr]     Checking aws-smithy-http v0.55.3
[INFO] [stderr]     Checking hyper-rustls v0.23.2
[INFO] [stderr]     Checking hyper-tls v0.5.0
[INFO] [stderr]     Checking aws-smithy-http v0.45.0
[INFO] [stderr]     Checking reqwest v0.11.18
[INFO] [stderr]     Checking aws-smithy-http-tower v0.55.3
[INFO] [stderr]     Checking aws-sigv4 v0.55.3
[INFO] [stderr]     Checking aws-smithy-checksums v0.55.3
[INFO] [stderr]     Checking aws-smithy-client v0.55.3
[INFO] [stderr]     Checking aws-http v0.55.3
[INFO] [stderr]     Checking aws-endpoint v0.55.3
[INFO] [stderr]     Checking aws-sig-auth v0.55.3
[INFO] [stderr]     Checking aws-sdk-sts v0.28.0
[INFO] [stderr]     Checking aws-sdk-sso v0.28.0
[INFO] [stderr]     Checking aws-sdk-s3 v0.28.0
[INFO] [stderr]     Checking aws-config v0.55.3
[INFO] [stderr]     Checking http-to-s3 v0.1.1 (/opt/rustwide/workdir)
[INFO] [stdout] error[E0432]: unresolved import `aws_sdk_s3::model`
[INFO] [stdout]   --> src/lib.rs:29:17
[INFO] [stdout]    |
[INFO] [stdout] 29 | use aws_sdk_s3::model::CompletedPart;
[INFO] [stdout]    |                 ^^^^^ could not find `model` in `aws_sdk_s3`
[INFO] [stdout] 
[INFO] [stdout] 
[INFO] [stdout] error[E0432]: unresolved import `aws_sdk_s3::model`
[INFO] [stdout]   --> src/lib.rs:29:17
[INFO] [stdout]    |
[INFO] [stdout] 29 | use aws_sdk_s3::model::CompletedPart;
[INFO] [stdout]    |                 ^^^^^ could not find `model` in `aws_sdk_s3`
[INFO] [stdout] 
[INFO] [stdout] 
[INFO] [stdout] error[E0432]: unresolved imports `aws_sdk_s3::model`, `aws_sdk_s3::types::ByteStream`, `aws_sdk_s3::Endpoint`, `aws_sdk_s3::Region`
[INFO] [stdout]  --> src/s3/s3backend.rs:5:5
[INFO] [stdout]   |
[INFO] [stdout] 5 |     model::{CompletedMultipartUpload, CompletedPart},
[INFO] [stdout]   |     ^^^^^ could not find `model` in `aws_sdk_s3`
[INFO] [stdout] 6 |     types::ByteStream,
[INFO] [stdout]   |     ^^^^^^^^^^^^^^^^^ no `ByteStream` in `types`
[INFO] [stdout] 7 |     Client, Endpoint, Region,
[INFO] [stdout]   |             ^^^^^^^^  ^^^^^^ no `Region` in the root
[INFO] [stdout]   |             |
[INFO] [stdout]   |             no `Endpoint` in the root
[INFO] [stdout]   |             help: a similar name exists in the module: `endpoint`
[INFO] [stdout]   |
[INFO] [stdout]   = help: consider importing one of these items instead:
[INFO] [stdout]           aws_sdk_s3::primitives::ByteStream
[INFO] [stdout]           aws_smithy_http::byte_stream::ByteStream
[INFO] [stdout]   = help: consider importing one of these items instead:
[INFO] [stdout]           aws_config::endpoint::Endpoint
[INFO] [stdout]           aws_smithy_http::endpoint::Endpoint
[INFO] [stdout]   = help: consider importing this struct instead:
[INFO] [stdout]           aws_sdk_s3::config::Region
[INFO] [stdout] 
[INFO] [stdout] 
[INFO] [stdout] error[E0432]: unresolved imports `aws_sdk_s3::model`, `aws_sdk_s3::types::ByteStream`, `aws_sdk_s3::Endpoint`, `aws_sdk_s3::Region`
[INFO] [stdout]  --> src/s3/s3backend.rs:5:5
[INFO] [stdout]   |
[INFO] [stdout] 5 |     model::{CompletedMultipartUpload, CompletedPart},
[INFO] [stdout]   |     ^^^^^ could not find `model` in `aws_sdk_s3`
[INFO] [stdout] 6 |     types::ByteStream,
[INFO] [stdout]   |     ^^^^^^^^^^^^^^^^^ no `ByteStream` in `types`
[INFO] [stdout] 7 |     Client, Endpoint, Region,
[INFO] [stdout]   |             ^^^^^^^^  ^^^^^^ no `Region` in the root
[INFO] [stdout]   |             |
[INFO] [stdout]   |             no `Endpoint` in the root
[INFO] [stdout]   |             help: a similar name exists in the module: `endpoint`
[INFO] [stdout]   |
[INFO] [stdout]   = help: consider importing one of these items instead:
[INFO] [stdout]           aws_sdk_s3::primitives::ByteStream
[INFO] [stdout]           aws_smithy_http::byte_stream::ByteStream
[INFO] [stdout]   = help: consider importing one of these items instead:
[INFO] [stdout]           aws_config::endpoint::Endpoint
[INFO] [stdout]           aws_smithy_http::endpoint::Endpoint
[INFO] [stdout]   = help: consider importing this struct instead:
[INFO] [stdout]           aws_sdk_s3::config::Region
[INFO] [stdout] 
[INFO] [stdout] 
[INFO] [stdout] error: aborting due to 2 previous errors
[INFO] [stdout] 
[INFO] [stdout] 
[INFO] [stdout] For more information about this error, try `rustc --explain E0432`.
[INFO] [stdout] 
[INFO] [stdout] error: aborting due to 2 previous errors
[INFO] [stdout] 
[INFO] [stdout] 
[INFO] [stdout] For more information about this error, try `rustc --explain E0432`.
[INFO] [stdout] 
[INFO] [stderr] error: could not compile `http-to-s3` (lib) due to 3 previous errors
[INFO] [stderr] warning: build failed, waiting for other jobs to finish...
[INFO] [stderr] error: could not compile `http-to-s3` (lib test) due to 3 previous errors
[INFO] running `Command { std: "docker" "inspect" "2d2fca5aef12365c3eddeaeb9153e54ac37e0f33fc67a93b07b9d6c18edbfbd5", kill_on_drop: false }`
[INFO] running `Command { std: "docker" "rm" "-f" "2d2fca5aef12365c3eddeaeb9153e54ac37e0f33fc67a93b07b9d6c18edbfbd5", kill_on_drop: false }`
[INFO] [stdout] 2d2fca5aef12365c3eddeaeb9153e54ac37e0f33fc67a93b07b9d6c18edbfbd5
